{"id":390,"date":"2026-04-01T13:44:08","date_gmt":"2026-04-01T13:44:08","guid":{"rendered":"https:\/\/odkurzacze-przemyslowe.com.pl\/?page_id=390"},"modified":"2026-04-01T13:44:08","modified_gmt":"2026-04-01T13:44:08","slug":"jak-wybrac-odkurzacz-przemyslowy","status":"publish","type":"page","link":"https:\/\/odkurzacze-przemyslowe.com.pl\/?page_id=390","title":{"rendered":"Jak wybra\u0107 odkurzacz przemys\u0142owy?"},"content":{"rendered":"\n<p>W wielu zak\u0142adach produkcyjnych odkurzanie traktowane jest jako czynno\u015b\u0107 pomocnicza. W praktyce jednak ma ono ogromny wp\u0142yw na bezpiecze\u0144stwo pracy, wydajno\u015b\u0107 produkcji oraz \u017cywotno\u015b\u0107 maszyn.<\/p>\n\n\n\n<p>Wyb\u00f3r odpowiedniego odkurzacza przemys\u0142owego nie powinien by\u0107 przypadkowy. \u0179le dobrane urz\u0105dzenie prowadzi do cz\u0119stych awarii, niewystarczaj\u0105cej skuteczno\u015bci pracy, a w skrajnych przypadkach mo\u017ce stwarza\u0107 realne zagro\u017cenie dla zdrowia pracownik\u00f3w lub ryzyko wybuchu.<\/p>\n\n\n\n<p>W tym artykule krok po kroku wyja\u015bniamy, jak dobra\u0107 odkurzacz przemys\u0142owy do konkretnego zastosowania.<\/p>\n","protected":false},"excerpt":{"rendered":"<p>W wielu zak\u0142adach produkcyjnych odkurzanie traktowane jest jako czynno\u015b\u0107 pomocnicza. W praktyce jednak ma ono ogromny wp\u0142yw na bezpiecze\u0144stwo pracy, wydajno\u015b\u0107 produkcji oraz \u017cywotno\u015b\u0107 maszyn. Wyb\u00f3r odpowiedniego odkurzacza przemys\u0142owego nie&hellip;<\/p>\n","protected":false},"author":1,"featured_media":0,"parent":0,"menu_order":0,"comment_status":"closed","ping_status":"closed","template":"","meta":{"footnotes":""},"class_list":["post-390","page","type-page","status-publish","hentry"],"_links":{"self":[{"href":"https:\/\/odkurzacze-przemyslowe.com.pl\/index.php?rest_route=\/wp\/v2\/pages\/390","targetHints":{"allow":["GET"]}}],"collection":[{"href":"https:\/\/odkurzacze-przemyslowe.com.pl\/index.php?rest_route=\/wp\/v2\/pages"}],"about":[{"href":"https:\/\/odkurzacze-przemyslowe.com.pl\/index.php?rest_route=\/wp\/v2\/types\/page"}],"author":[{"embeddable":true,"href":"https:\/\/odkurzacze-przemyslowe.com.pl\/index.php?rest_route=\/wp\/v2\/users\/1"}],"replies":[{"embeddable":true,"href":"https:\/\/odkurzacze-przemyslowe.com.pl\/index.php?rest_route=%2Fwp%2Fv2%2Fcomments&post=390"}],"version-history":[{"count":1,"href":"https:\/\/odkurzacze-przemyslowe.com.pl\/index.php?rest_route=\/wp\/v2\/pages\/390\/revisions"}],"predecessor-version":[{"id":391,"href":"https:\/\/odkurzacze-przemyslowe.com.pl\/index.php?rest_route=\/wp\/v2\/pages\/390\/revisions\/391"}],"wp:attachment":[{"href":"https:\/\/odkurzacze-przemyslowe.com.pl\/index.php?rest_route=%2Fwp%2Fv2%2Fmedia&parent=390"}],"curies":[{"name":"wp","href":"https:\/\/api.w.org\/{rel}","templated":true}]}}